igit of 59787?
5
What is the tens digit of 1690?
9
What is the tens digit of 3209?
0
What is the hundreds digit of 1417?
4
What is the tens digit of 15217?
1
What is the hundreds digit of 11459?
4
What is the units digit of 11029?
9
What is the tens digit of 89411?
1
What is the units digit of 32750?
0
What is the tens digit of 322?
2
What is the thousands digit of 23573?
3
What is the hundreds digit of 3970?
9
What is the units digit of 10001?
1
What is the hundreds digit of 1712?
7
What is the thousands digit of 38526?
8
What is the thousands digit of 3861?
3
What is the tens digit of 539?
3
What is the hundreds digit of 7906?
9
What is the tens digit of 1213?
1
What is the tens digit of 5390?
9
What is the thousands digit of 40539?
0
What is the hundreds digit of 942?
9
What is the hundreds digit of 24319?
3
What is the units digit of 13605?
5
What is the thousands digit of 4627?
4
What is the units digit of 16752?
2
What is the units digit of 643?
3
What is the units digit of 17850?
0
What is the units digit of 1300?
0
What is the hundreds digit of 101774?
7
What is the units digit of 6823?
3
What is the tens digit of 49177?
7
What is the tens digit of 5203?
0
What is the tens digit of 8555?
5
What is the ten thousands digit of 47719?
4
What is the ten thousands digit of 24214?
2
What is the hundreds digit of 158008?
0
What is the tens digit of 616?
1
What is the thousands digit of 1645?
1
What is the thousands digit of 103074?
3
What is the thousands digit of 117754?
7
What is the thousands digit of 9225?
9
What is the hundreds digit of 4272?
2
What is the hundreds digit of 3207?
2
What is the ten thousands digit of 17217?
1
What is the units digit of 121?
1
What is the units digit of 665?
5
What is the hundreds digit of 23889?
8
What is the hundreds digit of 4867?
8
What is the tens digit of 12477?
7
What is the thousands digit of 3110?
3
What is the tens digit of 165876?
7
What is the hundreds digit of 5491?
4
What is the hundreds digit of 16324?
3
What is the hundreds digit of 39506?
5
What is the hundreds digit of 1654?
6
What is the hundreds digit of 19515?
5
What is the thousands digit of 3152?
3
What is the tens digit of 40377?
7
What is the thousands digit of 1996?
1
What is the hundreds digit of 3244?
2
What is the tens digit of 1560?
6
What is the thousands digit of 42174?
2
What is the hundreds digit of 9498?
4
What is the thousands digit of 11327?
1
What is the tens digit of 1430?
3
What is the units digit of 1156?
6
What is the tens digit of 89249?
4
What is the tens digit of 4061?
6
What is the thousands digit of 2480?
2
What is the units digit of 895?
5
What is the thousands digit of 103583?
3
What is the units digit of 146?
6
What is the hundreds digit of 1368?
3
What is the hundreds digit of 894?
8
What is the thousands digit of 63943?
3
What is the tens digit of 29593?
9
What is the hundreds digit of 9546?
5
What is the thousands digit of 15214?
5
What is the thousands digit of 1691?
1
What is the tens digit of 104356?
5
What is the hundreds digit of 1519?
5
What is the tens digit of 8110?
1
What is the units digit of 2518?
8
What is the units digit of 8679?
9
What is the units digit of 2218?
8
What is the thousands digit of 4979?
4
What is the thousands digit of 2398?
2
What is the tens digit of 16835?
3
What is the ten thousands digit of 102155?
0
What is the thousands digit of 42840?
2
What is the units digit of 36563?
3
What is the ten thousands digit of 16224?
1
What is the tens digit of 4715?
1
What is the thousands digit of 8907?
8
What is the units digit of 1351?
1
What is the tens digit of 5729?
2
What is the tens digit of 7167?
6
What is the tens digit of 13372?
7
What is the ten thousands digit of 90164?
9
What is the hundreds digit of 614?
6
What is the tens digit of 2533?
3
What is the tens digit of 2803?
0
What is the thousands digit of 2841?
2
What is the thousands digit of 35084?
5
What is the units digit of 10752?
2
What is the tens digit of 1455?
5
What is the hundreds digit of 5129?
1
What is the tens digit of 95?
9
What is the hundreds digit of 126864?
8
What is the ten thousands digit of 59985?
5
What is the hundreds digit of 398?
3
What is the hundreds digit of 1244?
2
What is the thousands digit of 10183?
0
What is the tens digit of 56946?
4
What is the units digit of 3904?
4
What is the units digit of 1681?
1
What is the tens digit of 9973?
7
What is the hundreds digit of 4171?
1
What is the thousands digit of 2948?
2
What is the hundreds digit of 480?
4
What is the tens digit of 2262?
6
What is the thousands digit of 119187?
9
What is the tens digit of 1584?
8
What is the units digit of 1670?
0
What is the hundreds digit of 8525?
5
What is the hundreds digit of 2282?
2
What is the tens digit of 20685?
8
What is the units digit of 321?
1
What is the ten thousands digit of 10091?
1
What is the units digit of 242?
2
What is the hundreds digit of 29010?
0
What is the tens digit of 9908?
0
What is the units digit of 99480?
0
What is the units digit of 61933?
3
What is the thousands digit of 13034?
3
What is the hundreds digit of 65311?
3
What is the units digit of 3741?
1
What is the thousands digit of 18459?
8
What is the tens digit of 2096?
9
What is the thousands digit of 11480?
1
What is the units digit of 503?
3
What is the units digit of 1534?
4
What is the units digit of 1544?
4
What is the thousands digit of 47617?
7
What is the tens digit of 396?
9
What is the tens digit of 10018?
1
What is the units digit of 3790?
0
What is the tens digit of 76?
7
What is the tens digit of 535?
3
What is the hundreds digit of 33461?
4
What is the tens digit of 79774?
7
What is the units digit of 12176?
6
What is the thousands digit of 68974?
8
What is the units digit of 443?
3
What is the thousands digit of 77294?
7
What is the tens digit of 3409?
0
What is the units digit of 3075?
5
What is the tens digit of 399?
9
What is the hundreds digit of 59968?
9
What is the units digit of 48177?
7
What is the ten thousands digit of 155766?
5
What is the units digit of 9078?
8
What is the tens digit of 3479?
7
What is the tens digit of 203?
0
What is the tens digit of 578?
7
What is the thousands digit of 3785?
3
What is the tens digit of 322?
2
What is the hundreds digit of 60664?
6
What is the units digit of 31991?
1
What is the hundreds digit of 4673?
6
What is the hundreds digit of 40855?
8
What is the units digit of 700?
0
What is the thousands digit of 73066?
3
What is the units digit of 1181?
1
What is the tens digit of 5562?
6
What is the units digit of 97529?
9
What is the units digit of 7608?
8
What is the hundreds digit of 12882?
8
What is the ten thousands digit of 116529?
1
What is the hundreds digit of 6090?
0
What is the tens digit of 9039?
3
What is the units digit of 1484?
4
What is the hundreds digit of 4216?
2
What is the units digit of 1094?
4
What is the thousands digit of 15648?
5
What is the thousands digit of 1797?
1
What is the units digit of 28313?
3
What is the tens digit of 2874?
7
What is the ten thousands digit of 20016?
2
What is the hundreds digit of 5167?
1
What is the thousands digit of 1241?
1
What is the hundreds digit of 52225?
2
What is the thousands digit of 1582?
1
What is the units digit of 41736?
6
What is the hundreds digit of 1105?
1
What is the ten thousands digit of 94117?
9
What is the hundreds digit of 40556?
5
What is the tens digit of 28812?
1
What is the ten thousands digit of 90551?
9
What is the ten thousands digit of 124608?
2
What is the ten thousands digit of 13943?
1
What is the thousands digit of 4652?
4
What is the ten thousands digit of 12543?
1
What is the thousands digit of 2845?
2
What is the hundreds digit of 37184?
1
What is the hundreds digit of 18556?
5
What is the tens digit of 433?
3
What is the thousands digit of 6233?
6
What is the tens digit of 115968?
6
What is the tens digit of 69197?
9
What is the units digit of 22721?
1
What is the hundreds digit of 51255?
2
What is the hundreds digit of 907?
9
What is the hundreds digit of 1911?
9
What is the hundreds digit of 896?
8
What is the thousands digit of 1953?
1
What is the tens digit of 3059?
5
What is the thousands digit of 11664?
1
What is the tens digit of 121?
2
What is the units digit of